3 - 3). Suppose -7*q - x*l = -2*q - 392, -4*q + l + 300 = 0. Calculate the highest common divisor of q and 19.
19
Let h(t) = t**2 - 2*t + 1. Let d be h(3). Suppose -f - d*f = 0. Suppose f*w - 90 = -3*w. Calculate the greatest common factor of w and 10.
10
Suppose -8 = -2*l, 4*q - 415 = l - 139. Let j = 51 + -23. Calculate the greatest common divisor of j and q.
14
Let y(w) = -w**2 - w + 32. Let u be y(0). Let m = 59 + -11. Calculate the highest common divisor of m and u.
16
Let x be (-2244)/(-10) + (-38)/95. Calculate the greatest common factor of x and 14.
14
Let l be (3/2)/((-3)/(-6)). Suppose 0 = -3*b + 6 + l. Suppose -b*f - 2*f = -z + 21, -79 = -5*z - f. Calculate the highest common divisor of z and 32.
16
Let x(k) = 9*k - 27. Let d be x(6). Calculate the greatest common divisor of d and 108.
27
Let p = 47 - 25. Let v(g) = g**3 - 7*g**2 - g + 9. Let d be v(7). Let h(c) = 6*c - 1. Let a be h(d). Calculate the highest common divisor of p and a.
11
Let j = 9 - 15. Let u be -15*((-8)/j)/(-4). Suppose -u*n + 3*z + 34 = 0, -3*z + 0*z - 18 = -3*n. Calculate the greatest common divisor of 88 and n.
8
Suppose -32 = a - 157. Suppose -25 = -5*i, 0 = 4*o + i - 0*i - a. What is the highest common factor of 20 and o?
10
Let v(w) = 3*w - 13. Let x be v(16). Calculate the greatest common factor of x and 5.
5
Suppose -67 = 4*y - 5*l, -4*l = y - 0*l + 1. Let s = y + 24. What is the greatest common factor of 55 and s?
11
Suppose -8*i + 4*i = -32. Let p(y) = 3*y + 19. Let c be p(15). What is the greatest common divisor of i and c?
8
Let v(a) = -a**3 - a**2 - a. Let g be v(-2). What is the greatest common factor of g and 60?
6
Let r(k) = -9*k**2 + 20*k**2 - 8*k**2 - 5*k. Let p be r(-4). Calculate the highest common factor of p and 102.
34
Let p(s) = -4*s - 13. Let i be p(-12). Calculate the highest common factor of 5 and i.
5
Let v = 18 - 13. Suppose -3*m - 5*y - 20 = 0, -m + 3 = -2*y - v. Suppose -4*d + 8 + 0 = m. What is the greatest common divisor of d and 16?
2
Suppose -w + 14 = -3*x, -5*w + 25 = 3*x - 9. Calculate the greatest common factor of 56 and w.
8
Suppose 3*x + 15 = 0, 4*o + x - 348 = -3*x. Suppose 68 = 3*f - 0*k - 2*k, -4*f = -2*k - o. Suppose 6 = 3*d - 3. What is the highest common divisor of f and d?
3
Suppose -4*z - 18 = -5*w + 45, -4*z = 3*w - 25. What is the greatest common factor of 1 and w?
1
Let x = -18 - -24. Suppose 2*a + 10 - 70 = 0. Calculate the greatest common divisor of a and x.
6
Suppose -6*j = -18 - 282. Calculate the highest common factor of j and 40.
10
Let x be ((-100)/(-55) - (-2)/11) + 198. What is the greatest common factor of 25 and x?
25
Suppose 2*r - 540 = -13*r. Calculate the highest common factor of 324 and r.
36
Suppose j - 4*s = 10, 3*j - 3*s + 9 = 5*j. Suppose -2*b = 4*q - 202, -j*q - 81 = -b - 4*q. Calculate the highest common divisor of b and 13.
13
Let u = -1 + 1. Suppose u = 8*x - 4*x - 56. Suppose 12*g - 10 = 7*g. Calculate the greatest common factor of g and x.
2
Suppose -3*h + 67 = -92. Let k = h - 17. Calculate the highest common factor of 9 and k.
9
Let q = 19 - 9. Suppose 2*t = -3*s - 2*t + q, 1 = -s + 3*t. Suppose -s*i + 37 = 1. What is the highest common factor of 2 and i?
2
Suppose w = -4*w + 75. Calculate the greatest common factor of 30 and w.
15
Let p = 46 - 31. Let u be (19 - 29)/(1/(-6)). Calculate the highest common divisor of u and p.
15
Let u(c) = -c - 1. Let n(j) = -9*j + 7. Let i(h) = -n(h) - 2*u(h). Suppose 6*o = 3*o + 15. Let y be i(o). What is the greatest common divisor of 10 and y?
10
Let z be ((-8)/(-6) + -1)*3. Let g be 7*(z + 22/14). What is the greatest common factor of 162 and g?
18
Suppose 4*h - 3*k - 40 = -4*k, 0 = k. Let g be (12/(-9))/(2/(-3)). Suppose i + g*i = 6. Calculate the highest common factor of h and i.
2
Suppose 0 = -5*k + 23 + 17. Let t(w) = w**2 + 7*w + 1. Let s be t(-7). Let l be (-20)/s*(-2)/5. Calculate the highest common divisor of l and k.
8
Let q(s) = s + 165. Let i be q(0). Let b(p) = -p**2 - 10*p - 9. Let a be b(-6). Calculate the highest common divisor of i and a.
15
Let h be (-1)/(1/(-4)*2). Suppose -s - h*s + 39 = 0. Suppose -17 = -3*b - 2*i, i = -0*b - 3*b + s. Calculate the greatest common factor of 3 and b.
3
Suppose 0 = -4*j + 5*v + 1 - 29, -5*v = -j + 8. Let c = j + 22. What is the highest common divisor of c and 10?
10
Suppose 9 = 3*p + 3. Suppose -p*o + 20 = 3*o. Let m(v) = v + 8. Let k be m(-6). Calculate the highest common divisor of k and o.
2
Let u(a) = -2*a**2 + 3. Let c be u(0). Calculate the greatest common divisor of 15 and c.
3
Let i be 10/(-45) + 2884/18. Let g = i + -83. What is the highest common divisor of g and 11?
11
Let z be 364/10 + (-4)/10. Let g = 112 + -103. Calculate the highest common factor of g and z.
9
Let s be (1/(-1) - -3) + -4. Let k be s + -27*(-5 - -3). What is the highest common factor of 13 and k?
13
Let o be 1 - (-3)/(2 + 1). Suppose 5*b - o = -3*x + 3, 4*b = 3*x + 31. Suppose b*q - 2*p + 13 = -7*p, 3*p = -15. What is the greatest common factor of q and 2?
1
Let a be ((-10)/(-8))/((-3)/12). Let f(p) = -p - 1. Let q be f(a). Let m be ((-66)/q)/(-3)*4. Calculate the greatest common divisor of 66 and m.
22
Suppose -4*g + 64 = -2*k, -3*k + 14 = -4*g + 114. Let n = k + 51. What is the highest common factor of 5 and n?
5
Let s = 25 - 9. Calculate the greatest common factor of s and 80.
16
Suppose 150 = -3*f - 2*f. Let r = -7 + f. Let j = 19 - r. Calculate the highest common factor of j and 8.
8
Suppose 0 = -5*x - 3*u + 154, 5*x - x - 120 = -4*u. Suppose -3*b - 3*d = -5*b + 16, 2*d + x = 4*b. Calculate the highest common factor of b and 16.
8
Let t(f) = f**2 + 5*f + 1. Let p be t(-6). Let g(r) = r**2 - 8*r + 7. Let x be g(7). Suppose x = h - 60 - 17. What is the highest common factor of p and h?
7
Let h = -22 + 42. Suppose 0 = -3*i + h - 5. Let t be i*(48/5)/3. What is the greatest common divisor of 128 and t?
16
Let x(b) = 73*b**3 - b. Let k be x(1). Let j(r) = r**3 - 14*r**2 + 36*r - 25. Let d be j(11). Calculate the greatest common factor of k and d.
8
Suppose -5*b + 6 = 1, -2*r - 4*b = -312. Let g(z) = -6*z**2 - 3*z + 2. Let d be g(-2). Let n be d/6*(-33)/4. Calculate the highest common factor of r and n.
22
Let a = 35 - 52. Let v = -6 - a. Calculate the greatest common divisor of 33 and v.
11
Let v(k) = -k + 3. Let n be v(3). Let r = -22 - -67. Suppose 5*u - 29 - 56 = -2*z, -2*u - 3*z + r = n. Calculate the greatest common divisor of 135 and u.
15
Suppose -l - 1 = -2*l. Let a be (-2)/(-4)*l*100. Let n(q) = -21*q - 1. Let f be n(-1). Calculate the greatest common divisor of f and a.
10
Let v = -295 + 207. Let j = v - -133. Calculate the greatest common divisor of j and 18.
9
Let x be (-33)/(3/(-9)*1). Let w(b) = 3*b**3 - b**2 + b + 1. Let v be w(-1). Let q = v + 13. What is the greatest common factor of x and q?
9
Let m = 67 - 55. Suppose 2*b + 4 = 4*b, -2*u + 206 = -5*b. What is the greatest common factor of u and m?
12
Let w(j) = 4*j - 1. Let o be w(1). Let g = 63 + o. Let m = 9 + -3. Calculate the highest common factor of g and m.
6
Let k = 4 + 1. Suppose -k*i + 3*l - 4*l = -64, 51 = 4*i + l. Calculate the highest common factor of i and 26.
13
Suppose 0*w + 7 = 2*w - 3*l, 3*w + 15 = -4*l. Let v(r) = 5*r**2 + r. Let n be v(w). Suppose 7 = 2*x - 41. Calculate the greatest common factor of n and x.
4
Let h = 14 + -4. Let f = 152 - 62. Calculate the greatest common divisor of h and f.
10
Let a = 466 + -235. What is the highest common factor of a and 21?
21
Suppose -6 = 3*g - 6*g, 2*d + 2*g = 28. Calculate the highest common factor of 24 and d.
12
Let u = 178 - 61. What is the highest common factor of u and 13?
13
Let x be (-1 - 3/(-6))*-4. Let g be 221/(-2) + x/4. Let p = 176 + g. Calculate the highest common factor of 6 and p.
6
Suppose -l + 5 = -0. Let i = 72 - 32. Calculate the greatest common factor of l and i.
5
Suppose 3*s = s + 40. Suppose 14 = -4*c - 6, 165 = 3*p - 3*c. Let h = p - 20. What is the highest common divisor of h and s?
10
Let p be 42/8 - -2 - (-21)/28. What is the highest common factor of p and 16?
8
Suppose -m + 5*i = -24, -5*m = -4*m - 3*i - 16. What is the greatest common factor of 92 and m?
4
Suppose 3*t + 3 = 33. What is the greatest common factor of t and 30?
10
Suppose -8*y = -3*y - 770. W